(6).
8
Let u(f) = -2395*f + 9559. What is u(4)?
-21
Let y(l) = -31*l + 4277. What is y(138)?
-1
Let l(v) = v**3 + 37*v**2 + 3*v + 87. What is l(-37)?
-24
Let t(o) = 9*o**2 - 384*o - 524. What is t(44)?
4
Let a(g) = 11*g + 174. Calculate a(9).
273
Let d(h) = 136*h - 53. What is d(1)?
83
Let n(j) = 103*j - 362. Determine n(4).
50
Let d(a) = 4*a**2 - 4*a - 356. What is d(10)?
4
Let l(z) = z**3 + 28*z**2 + 159*z + 260. Determine l(-21).
8
Let l(k) = 21*k + 221. Determine l(-10).
11
Let s(n) = n**2 + 123*n - 1867. What is s(14)?
51
Let y(a) = a**3 + 19*a**2 - 35*a + 25. Determine y(-20).
325
Let q(r) = -2*r**3 - 12*r**2 + 23*r + 9. What is q(4)?
-219
Let x(s) = -15*s**2 + 104*s + 12. Determine x(7).
5
Let z(b) = -b**3 - 8*b**2 + 29*b + 122. Determine z(-10).
32
Let s(x) = x**2 + 98*x - 5174. Give s(38).
-6
Let y(u) = -19*u - 54. What is y(0)?
-54
Let v(s) = -59*s + 296. Calculate v(7).
-117
Let q(b) = -b**3 - 42*b**2 - 62*b - 315. Determine q(-41).
546
Let q(v) = 23*v + 841. Determine q(-37).
-10
Let v(p) = -p**2 - 39*p + 106. Determine v(-41).
24
Let t(g) = -3346*g - 86995. Give t(-26).
1
Let k(n) = n**3 + 27*n**2 + 250*n - 7. Determine k(-7).
-777
Let d(g) = -16*g**3 + 62*g - 59. What is d(1)?
-13
Let w(m) = -m**3 + 54*m**2 - 46*m - 385. What is w(53)?
-14
Let q(a) = -14*a - 298. Calculate q(-21).
-4
Let n(h) = h**3 + 22*h**2 - 61*h + 52. Calculate n(-25).
-298
Let y(n) = -n**2 - 177*n - 5666. Determine y(-42).
4
Let g(z) = z**2 + 12*z + 73. Give g(-11).
62
Let c(w) = -w**3 + w**2 + 13*w + 95. What is c(-7)?
396
Let n(f) = -93*f - 559. What is n(-6)?
-1
Let d(n) = -2*n**2 - 30*n - 15. Determine d(-18).
-123
Let s(c) = -73*c - 10. Determine s(-5).
355
Let m(j) = j + 21. What is m(53)?
74
Let q(y) = 132*y**2 - y - 7. What is q(-1)?
126
Let w(a) = -5*a + 4. What is w(-6)?
34
Let l(q) = 87*q - 709. Determine l(8).
-13
Let m(j) = -68*j - 61. Give m(3).
-265
Let v(m) = 2*m**3 - 14*m**2 + 56*m + 12. Calculate v(5).
192
Let u(h) = h**3 - 31*h**2 - 227*h - 9. Calculate u(-6).
21
Let i(s) = -5*s**2 - 24*s - 140. Determine i(-8).
-268
Let w(d) = 3*d**3 - 114*d**2 - 504*d - 4. Determine w(-4).
-4
Let r(n) = -3*n**2 - 1029*n + 5224. Give r(5).
4
Let m(d) = -d**3 + 8*d**2 + 10*d + 10. What is m(9)?
19
Let w(a) = -a**3 + 28*a**2 - 29*a - 49. What is w(27)?
-103
Let i(x) = 123*x**3 + x**2 - 3*x - 5. Determine i(-1).
-124
Let j(q) = -3101*q + 43421. Calculate j(14).
7
Let q(a) = a**2 - 6*a - 67. Give q(10).
-27
Let p(u) = 283*u + 56. Give p(0).
56
Let s(v) = 3*v**3 + 17*v**2 - 8*v - 195. What is s(-5)?
-105
Let m(j) = j**2 + 303*j + 3200. Give m(-11).
-12
Let f(h) = -8*h + 134. Calculate f(-3).
158
Let v(c) = -4*c**3 + 183*c**2 - 137*c + 110. Calculate v(45).
20
Let f(c) = -c**2 - 12*c + 31. Give f(-13).
18
Let x(o) = o**3 - 28*o**2 + 23*o + 170. Determine x(27).
62
Let h(a) = -31*a - 2327. Determine h(-75).
-2
Let l(q) = -130*q - 10531. Calculate l(-81).
-1
Let t(v) = -v**3 + 17*v**2 - 31*v + 28. Calculate t(15).
13
Let g(q) = -q**2 - 152*q + 4835. Determine g(27).
2
Let i(z) = z**3 + 7*z**2 - 87*z - 617. What is i(-9)?
4
Let b(r) = -r**2 - 41*r + 454. Give b(9).
4
Let l(y) = 211*y - 778. What is l(4)?
66
Let c(a) = -90*a - 3627. Give c(-40).
-27
Let g(u) = u**2 + 195*u - 6225. What is g(28)?
19
Let y(v) = -v**2 + 29*v - 7. Give y(29).
-7
Let j(y) = -y**3 + 22*y**2 - 46*y + 15. Give j(20).
-105
Let h(o) = 33*o + 1200. What is h(-36)?
12
Let h(a) = a**3 + 54*a**2 + 102*a - 159. Determine h(-52).
-55
Let s(h) = 181*h - 5268. What is s(29)?
-19
Let b(u) = u**2 - 18*u + 200. Calculate b(21).
263
Let c(v) = -v**2 - 52*v - 243. Determine c(-5).
-8
Let s(h) = -106*h - 288. Determine s(-3).
30
Let c(t) = 753*t - 1398. What is c(2)?
108
Let b(z) = z**3 - 9*z**2 - 24*z + 6. Determine b(12).
150
Let r(s) = -2*s**3 + 46*s**2 - 260*s + 8. Calculate r(6).
-328
Let m(n) = -60*n**2 - 3*n - 4. Give m(2).
-250
Let y(o) = o**3 + 12*o**2 + 5*o + 153. Give y(-13).
-81
Let q(o) = o**3 - 14*o**2 - 52*o + 33. Give q(17).
16
Let s(j) = 3*j**3 + 50*j**2 + 51*j + 307. Determine s(-16).
3
Let j(s) = -2*s**2 - 17*s - 32. Calculate j(-2).
-6
Let f(y) = -y**2 - 117*y + 3869. Determine f(27).
-19
Let d(k) = 4*k**2 - 398*k - 194. What is d(100)?
6
Let h(u) = -2*u**2 + 337*u - 4636. What is h(15)?
-31
Let p(d) = -128*d - 2451. Determine p(-19).
-19
Let z(q) = -168*q - 3361. What is z(-20)?
-1
Let q(f) = 411*f**2 + 1291*f + 4. What is q(-3)?
-170
Let m(a) = -6*a**2 + 24*a - 23. Determine m(2).
1
Let y(d) = -d**3 - 16*d**2 - 15*d - 11. What is y(-16)?
229
Let o(r) = r**2 - 22*r - 149. Calculate o(30).
91
Let c(t) = -129*t - 41. Calculate c(-2).
217
Let q(r) = 4719*r + 33042. Determine q(-7).
9
Let u(o) = -o**3 - 12*o**2 + 23*o - 59. Give u(-15).
271
Let n(h) = 2*h**3 - 14*h**2 + 17*h + 9. Give n(3).
-12
Let g(n) = 273*n - 12007. Give g(44).
5
Let v(z) = z**3 - 49*z**2 + 341*z - 98. Calculate v(40).
-858
Let y(n) = -7*n**2 - 6*n - 7. Determine y(-1).
-8
Let u(n) = -2*n**3 - 20*n**2 - 45*n + 23. Give u(-5).
-2
Let x(l) = 9091*l + 154552. Give x(-17).
5
Let f(n) = n**3 - 3*n**2 - 206*n - 204. Determine f(-1).
-2
Let v(a) = a**2 - 390*a - 10372. Determine v(-25).
3
Let o(f) = -f**3 + 21*f**2 - 76*f + 33. What is o(14)?
341
Let o(t) = 3*t**2 + 629*t - 4378. Calculate o(7).
172
Let l(b) = -b**2 - 65*b - 635. What is l(-13)?
41
Let h(r) = -351*r - 10782. What is h(-31)?
99
Let w(d) = d**3 + 58*d**2 - 114*d + 363. Calculate w(-60).
3
Let z(g) = g**2 - 48*g + 81. Calculate z(19).
-470
Let n(x) = -x**3 + 4*x**2 + 9*x - 21. What is n(4)?
15
Let c(w) = w**2 - 652*w - 3252. Calculate c(-5).
33
Let h(v) = -5*v**2 - 18*v + 102. What is h(9)?
-465
Let v(u) = u**2 - 7*u - 295. What is v(-14)?
-1
Let u(d) = -623*d - 1. Calculate u(0).
-1
Let h(u) = 13*u**2 - 2390*u - 352. Calculate h(184).
16
Let r(a) = -23*a**2 - 10*a + 2. Calculate r(-3).
-175
Let o(l) = 2*l**3 - 48*l - 80. Determine o(-2).
0
Let f(m) = 66*m - 1528. Determine f(23).
-10
Let u(i) = -i**3 + 7*i**2 + 39*i - 11. Give u(12).
-263
Let d(j) = -18*j + 34. Determine d(3).
-20
Let x(k) = -k**3 + 5*k**2 + 26*k - 5. What is x(10)?
-245
Let l(d) = -d**3 + d**2 + 32*d - 697. Calculate l(0).
-697
Let c(z) = -z**2 - 41*z - 138. Calculate c(-31).
172
Let a(i) = -3*i**2 - 86*i - 483. Determine a(-21).
0
Let f(g) = 8*g**3 + 72*g**2 + g - 4. Give f(-9).
-13
Let n(o) = 14*o**3 - 11*o**2 - o + 4. Give n(2).
70
Let d(p) = 13*p - 67. Determine d(2).
-41
Let b(y) = y**2 + 475*y - 3846. Determine b(8).
18
Let j(a) = a**3 + 8*a**2 - 26*a - 13. Determine j(-11).
-90
Let t(r) = 9*r**2 + 20*r - 40. What is t(-4)?
24
Let j(q) = -47*q + 1228. What is j(26)?
6
Let s(n) = n**3 + 2*n**2 - 11*n + 4. Calculate s(-4).
16
Let w(f) = 1313*f + 1300. Calculate w(-1).
-13
Let f(z) = 38*z - 1435. What is f(45)?
275
Let a(i) = 120*i**3 - i**2 - 14*i - 12. Give a(-1).
-119
Let m(g) = -995*g + 990. Determine m(1).
-5
Let d(m) = 1408*m + 5638. What is d(-4)?
6
Let c(f) = 9*f + 165. Calculate c(-28).
-87
Let n(b) = -b**2 + 23*b + 357. Give n(34).
-17
Let k(m) = -2*m**3 - 49*m**2 - 279*m - 115. Give k(-16).
-3
Let m(s) = 94*s**3 + 12*s - 11. What is m(1)?
95
Let b(d) = 59*d - 5001. What is b(85)?
14
Let d(p) = -p**2 - 281*p - 5333. Determine d(-20).
-113
Let d(k) = -k**3 + 28*k**2 + 3*k - 820. What is d(27)?
-10
Let g(i) = -i**2 + 3*i + 348. Determine g(-17).
8
Let l(z) = 10*z**2 - 6*z + 15. Calculate l(4).
151
Let c(f) = -2*f**3 - 41*f**2 + 204*f - 26. What is c(4)?
6
Let g(r) = 3*r**3 + 88*r**2 + 26*r - 108. What is g(-29)?
-21
Let s(c) = 2*c**2 + 8*c - 507. What is s(13)?
-65
Let i(x) = -337*x - 15839. Calculate i(-47).
0
Let z(s) = -2*s**3 - 18*s**2 - 24*s - 80. Determine z(-8).
-16
Let a(h) = -14712*h + 132409. Give a(9).
1
Let z(a) = a**2 + 7*a - 9. Calculate z(-8).
-1
Let s(g) = -g**3 + 5*g**2 + 91*g - 300. Give s(11).
-25
Let i(y) = -274*y**3 - 9*y**2 - 12*y - 2. Determine i(-1).
275
Let d(y) = 76*y**3 + y**2 + 5*y - 5. What is d(1)?
77
Let c(r) = -70*r - 3630. What is c(-52)?
10
Let l(h) = 13*h + 687. Determine l(-52).
11
Let g(n) = -638*n - 3996. Determine g(-6).
-168
Let w(y) = -94*y + 588. Calculate w(6).
24
Let o(b) = 12*b**2 + 158*b - 552. Give o(-16).
-8
Let a(x) = -x**2 + 37*x + 4800. Calculate a(-53).
30
Let b(v) = 2056*v + 32936. Give b(-16).
40
Let q(r) = 51*r + 10510. Ca